{"id":2,"date":"2012-02-01T22:09:52","date_gmt":"2012-02-01T22:09:52","guid":{"rendered":"http:\/\/localhost\/igludevent\/experiencies\/?page_id=2"},"modified":"2012-02-05T17:47:38","modified_gmt":"2012-02-05T17:47:38","slug":"llibredevisites","status":"publish","type":"page","link":"https:\/\/www.igludevent.cat\/experiencies\/?page_id=2","title":{"rendered":"Llibre de visites"},"content":{"rendered":"<p>Hola! Podeu deixar petja explicant les vostres impressions d&#8217;Igl\u00fa de Vent o tot all\u00f2 que vulgueu saber a la part de comentaris d&#8217;aquesta p\u00e0gina.<\/p>\n<p><a href=\"https:\/\/www.igludevent.cat\/experiencies\/wp-content\/uploads\/2012\/02\/IMG_4584.jpg\"><img loading=\"lazy\" decoding=\"async\" class=\"wp-image-43 aligncenter\" title=\"Jordi Enrich\" src=\"https:\/\/www.igludevent.cat\/experiencies\/wp-content\/uploads\/2012\/02\/IMG_4584-195x300.jpg\" alt=\"\" width=\"323\" height=\"496\" \/><\/a><\/p>\n<p>&nbsp;<\/p>\n","protected":false},"excerpt":{"rendered":"<p>Hola! Podeu deixar petja explicant les vostres impressions d&#8217;Igl\u00fa de Vent o tot all\u00f2 que vulgueu saber a la part de comentaris d&#8217;aquesta p\u00e0gina. &nbsp;<\/p>\n","protected":false},"author":1,"featured_media":0,"parent":0,"menu_order":0,"comment_status":"open","ping_status":"open","template":"","meta":{"footnotes":""},"class_list":["post-2","page","type-page","status-publish","hentry"],"jetpack_sharing_enabled":true,"_links":{"self":[{"href":"https:\/\/www.igludevent.cat\/experiencies\/index.php?rest_route=\/wp\/v2\/pages\/2","targetHints":{"allow":["GET"]}}],"collection":[{"href":"https:\/\/www.igludevent.cat\/experiencies\/index.php?rest_route=\/wp\/v2\/pages"}],"about":[{"href":"https:\/\/www.igludevent.cat\/experiencies\/index.php?rest_route=\/wp\/v2\/types\/page"}],"author":[{"embeddable":true,"href":"https:\/\/www.igludevent.cat\/experiencies\/index.php?rest_route=\/wp\/v2\/users\/1"}],"replies":[{"embeddable":true,"href":"https:\/\/www.igludevent.cat\/experiencies\/index.php?rest_route=%2Fwp%2Fv2%2Fcomments&post=2"}],"version-history":[{"count":7,"href":"https:\/\/www.igludevent.cat\/experiencies\/index.php?rest_route=\/wp\/v2\/pages\/2\/revisions"}],"predecessor-version":[{"id":28,"href":"https:\/\/www.igludevent.cat\/experiencies\/index.php?rest_route=\/wp\/v2\/pages\/2\/revisions\/28"}],"wp:attachment":[{"href":"https:\/\/www.igludevent.cat\/experiencies\/index.php?rest_route=%2Fwp%2Fv2%2Fmedia&parent=2"}],"curies":[{"name":"wp","href":"https:\/\/api.w.org\/{rel}","templated":true}]}}